of f and 40.
8
Let x(d) = 34*d - 3. Let n be x(2). What is the highest common factor of n and 26?
13
Suppose m + 0*m - 108 = 0. Let c(s) = s**3 + 10*s**2 - 3*s - 18. Let q be c(-10). What is the highest common factor of m and q?
12
Let d(u) = -9*u - 1. Let v be d(-4). Let s(t) = 7*t. Let n be s(6). Let m = n + v. What is the greatest common factor of 11 and m?
11
Let o be 4/(-10)*(-7)/(42/2160). Let i(q) = 4*q - 8. Let a be i(6). What is the highest common divisor of o and a?
16
Let i be (10/1)/(0 - -1). Suppose 4*n - 8 = 5*z + 27, 3*n - 65 = -4*z. Calculate the highest common factor of i and n.
5
Let n be 10/(-4)*(-1 - 47/5). Let w be (78/(-10))/((-3)/15). Calculate the greatest common factor of n and w.
13
Suppose z + 12 = 2*u + 35, 3*z + 5*u - 36 = 0. Let m(k) = 7*k - 1 + 2 - z*k. Let b be m(-1). What is the greatest common factor of 121 and b?
11
Let x = 42 - 29. What is the highest common divisor of x and 91?
13
Suppose -4*b - 3*r - 1 = 0, 2*r + 4 = -4*b - 2*r. Suppose b*m + 428 = 5*s - 41, s - 98 = -m. Calculate the greatest common factor of 38 and s.
19
Suppose -39 = 4*s - 7*s. What is the highest common divisor of 143 and s?
13
Let f(t) be the first derivative of -t**3/3 + 11*t**2/2 - 4. Let y be f(6). Calculate the greatest common divisor of y and 75.
15
Let j be 4/14 - 33/(-7). Let a be (2/j)/((-1)/(-5)). Suppose -3*q + a*q + 7 = 0. What is the highest common divisor of q and 7?
7
Let z(w) = 26*w**2 + 4*w. Let i be z(2). What is the greatest common factor of i and 14?
14
Let o(x) = x**3 + 2*x**2 - x + 16. Let g be o(0). What is the greatest common factor of g and 24?
8
Suppose 0*j = -4*j + 208. What is the greatest common divisor of 13 and j?
13
Let f(z) = z**3 + 7*z**2 - 11*z - 9. Let p be f(-8). Suppose 3*q + 5*m = 70, m + 10 + p = 2*q. What is the greatest common factor of q and 45?
15
Let r(v) = v - 3. Let z be r(4). Calculate the highest common divisor of 16 and z.
1
Let f be -5 + 4 - -16 - -3. Let u(s) = -s**3 - 2*s**2 + 7*s + 5. Let b be u(-5). Calculate the highest common divisor of f and b.
9
Suppose 15 + 7 = 2*k. Calculate the highest common divisor of k and 55.
11
Suppose -3*o + 8*o = 0. Suppose 8*y - 3*y - 60 = o. Calculate the greatest common divisor of y and 108.
12
Let q = -2 - -7. Let g(r) = r**3 - 5*r**2 - 12*r + 85. Let o be g(5). Calculate the greatest common divisor of o and q.
5
Suppose 711 = 3*x + 3*d, -2*x - 681 = -5*x + 3*d. What is the highest common factor of 8 and x?
8
Let c be (18/(-3))/(2/(-2)). Suppose 4*z - z - c = 0. Let m be 4 + 1/(z/4). What is the highest common factor of 3 and m?
3
Let a(l) = -6*l + 6. Let q(d) = 5*d - 5. Let h(y) = -3*a(y) - 4*q(y). Let i be h(-2). What is the highest common factor of i and 60?
6
Suppose -5*u = -1 - 54. What is the greatest common divisor of u and 2?
1
Let p be 660/35*(-28)/(-1). Suppose -2*d = -6*d + p. Calculate the greatest common divisor of 12 and d.
12
Let q = -12 - -29. What is the highest common factor of 51 and q?
17
Suppose -2*b + 30 - 10 = 0. Let z(o) = -9*o + 3. Let u be z(-3). What is the highest common divisor of b and u?
10
Suppose -4*a + 40 = 5*l, -l + 10 = a + 3*l. Calculate the greatest common factor of a and 10.
10
Suppose 5*j + 3*q + 15 = j, q = 2*j - 5. Let a be 7*(j + 18/21). Let p be 0 + a*10*1. What is the greatest common divisor of 15 and p?
15
Let f(k) = -2*k**2 + k + 3. Let n be f(0). Calculate the highest common divisor of 21 and n.
3
Let n be 2/(-3) + (-83)/(-3). Calculate the greatest common factor of 297 and n.
27
Suppose 132 = d + d. Suppose d = o + 2*o. What is the greatest common divisor of 55 and o?
11
Let w(h) = 5*h**2 + 12*h + 23. Let s be w(-5). What is the greatest common factor of 16 and s?
8
Suppose -32*o = -33*o + 36. Calculate the highest common factor of 12 and o.
12
Let i(d) = d**2 - 15*d + 19. Let q be i(14). Let b be (1/2)/((-3)/(-30)). What is the greatest common factor of q and b?
5
Let m = -11 - -4. Let h = 10 + m. Suppose 0 = -2*p + 4 - 0. Calculate the greatest common factor of h and p.
1
Suppose 4*n + 2*d - 23 = 1, 2*n - 3*d - 12 = 0. What is the highest common divisor of n and 48?
6
Suppose 14 + 2 = 4*p. Suppose -l + 5 = 3*w - 12, -3*l = 4*w - 21. Calculate the greatest common factor of p and w.
2
Let i(n) = 16*n + 2. Let w be i(1). Suppose -3*v + 76 = -l, 5*v - 155 + 5 = -3*l. Calculate the greatest common factor of v and w.
9
Let s be 5/((3/(-36))/(-1)). Let k be (0 - 4) + 448/16. What is the highest common divisor of k and s?
12
Let r be 12*2/(-15)*-5. Suppose r = 2*v - 4*g, 0*v - 10 = -2*v + 3*g. Suppose 2*i - 24 = -i. What is the greatest common divisor of v and i?
8
Let t = 20 + 2. What is the greatest common factor of 2 and t?
2
Let y = 19 - -6. Calculate the highest common divisor of 75 and y.
25
Suppose -17 = d - 21. What is the highest common divisor of 20 and d?
4
Suppose 35*m - 62 = 33*m. Calculate the greatest common factor of 93 and m.
31
Let w(p) = 8*p**2 + 5*p + 8. Let t be w(-2). What is the highest common divisor of 3 and t?
3
Let u(l) = 17 - 4*l**2 + 22 + 4*l + l**3 - 40. Let c be u(4). What is the greatest common divisor of c and 75?
15
Suppose -3*a - 260 = -8*a. Let l = -294 - -424. Calculate the greatest common divisor of a and l.
26
Let r be -2 - 27/(-3)*-3. Let w = 41 + r. Suppose -n + 182 = 74. Calculate the greatest common factor of n and w.
12
Suppose 4*o + 10 = 4*g - 26, 38 = 4*g - 5*o. What is the greatest common factor of 21 and g?
7
Suppose -3*y = -9, 6*o - 4*o - 4*y + 6 = 0. Let i = 29 - 14. What is the highest common factor of o and i?
3
Let h(y) = 8*y**2 - y. Let g = -23 + 22. Let t be h(g). What is the greatest common factor of t and 81?
9
Let g = -6 - -2. Let i(c) = c**3 + 4*c**2 - 2*c - 5. Let x be i(g). Suppose 0*y - 2*y = -6. Calculate the greatest common factor of x and y.
3
Suppose -7 - 16 = q. Let k = 22 - q. Let h(f) = -4*f + 2. Let g be h(-4). What is the greatest common divisor of g and k?
9
Suppose 4*j - 2*a = 6, 0 = 4*j + 2*a - 16 - 2. Let m = -3 + 5. Calculate the highest common factor of m and j.
1
Let y(j) = j**3 + 25*j**2 + 24*j + 36. Let n be y(-24). What is the greatest common divisor of n and 60?
12
Suppose 4*v + d - 2*d = -56, 0 = -3*v + 2*d - 47. Let y = 20 + v. What is the greatest common divisor of y and 42?
7
Let f(l) = -l**2 - 8*l - 6. Let u be f(-5). Let p(j) = j**2 + 3*j - u*j + 2*j - 3 + 0. Let n be p(5). What is the highest common factor of 5 and n?
1
Let p = 1 + -1. Let k(w) = -w**3 - w**2 + w + 2. Let x be k(p). Suppose i - x*m - 4 = -3*m, i + 4*m - 10 = 0. What is the highest common divisor of 3 and i?
1
Suppose -92 = -4*u + 168. Suppose 2*v = -3*v + u. Let d = 157 - 14. Calculate the highest common factor of v and d.
13
Suppose -3*c - 3*t + 300 = 0, 524 = 2*c + 3*c - 3*t. Let l = -70 + c. Let w be 2 - 0/1 - -9. What is the greatest common factor of w and l?
11
Suppose -49 = -5*m + 4*k - 6*k, 0 = m - 5*k - 26. Let i be 4 + -4 - m*-10. Calculate the greatest common divisor of 44 and i.
22
Let j(u) = -u**2 + 9*u - 9. Let r be j(7). Let t(f) = 9*f**2 - 3*f**3 + 4*f - 7 - f**3 + r*f**3. Let p be t(-6). What is the highest common factor of p and 7?
7
Let p(a) = -a**3 - 5*a**2 - 3*a - 7. Let c be p(-5). Suppose 10 + c = 2*i. Let r = -5 - -104. Calculate the highest common factor of i and r.
9
Suppose -5*s - 3*z - 2 - 2 = 0, -4*z - 2 = 5*s. Let x be 8 - (-3 + s + 2). Calculate the highest common factor of 77 and x.
11
Suppose 653 = 13*w + 107. What is the greatest common factor of 14 and w?
14
Let w(o) = -54*o - 4. Let c be w(-2). Calculate the highest common divisor of c and 13.
13
Let u = 1 - 1. Suppose 4*b + t - 37 = u, 15 = 3*b + t + 4*t. Calculate the highest common factor of 20 and b.
10
Let t(p) = p**2 + 7*p - 5. Let j be t(-8). Suppose -j*o + 0*y + 32 = -5*y, -2*y + 74 = 5*o. What is the highest common factor of 7 and o?
7
Let b = 49 - 94. Let h = b - -4. Let o = h - -105. What is the highest common divisor of 8 and o?
8
Let f be 2 + (-6)/3 - 0. Suppose 2*j + 2*x - 78 = f, -4*x + 2*x = -5*j + 202. Suppose -3*v = -8*v + j. Calculate the greatest common factor of 88 and v.
8
Let j be 1 + (-4 - (-26 + -3)). What is the greatest common divisor of 26 and j?
26
Let m be 2/(1/(8/2)). Calculate the greatest common divisor of 24 and m.
8
Let w = -4 